ate the remainder when y is divided by 21.
19
Suppose 5*d - 1 = 4*d, 0 = 3*t - 3*d - 39. Calculate the remainder when 50 is divided by t.
8
Let j = 24 - -9. Calculate the remainder when 128 is divided by j.
29
Let o(n) = -n**3 - 9*n**2 + 10*n + 7. Calculate the remainder when 11 is divided by o(-10).
4
Let h be 0*-2*(-1)/(-2). Let c = 38 + -22. Suppose h*t + c = t. What is the remainder when 47 is divided by t?
15
Suppose 10*q + 2*f - 280 = 5*q, 0 = f. Suppose 6 + q = t. Calculate the remainder when t is divided by 21.
20
Suppose 4*z = 4*g + 272, 0 = 5*z + 6*g - 2*g - 358. Let h = z + -26. What is the remainder when h is divided by 15?
14
Suppose -o + 5*q = -7, 2*o - 4*q - 24 + 4 = 0. Calculate the remainder when o is divided by 5.
2
Suppose 0 = -4*w + 42 - 2. Calculate the remainder when 27 is divided by w.
7
Calculate the remainder when 55 is divided by 2 - 8/12*-18.
13
Suppose 4*z + 71 = -193. Let r = 132 + z. Calculate the remainder when r is divided by 17.
15
Let y(v) = 19*v. Let b(o) = -o**3 - 6*o**2 - 6*o - 3. Let t be b(-5). Suppose 5 + t = n. Calculate the remainder when y(1) is divided by n.
5
Let n be (-2 - -1)/(-4 - -3). Let i be (2 - n)*(-3 - -6). Suppose i*o - 194 = -26. Calculate the remainder when o is divided by 19.
18
Calculate the remainder when 20 - (-6 + (-60)/(-6)) is divided by 2.
0
Let u = 10 - 7. Suppose -4*z = b - 25, -2*z + 17 = 2*b + u*b. What is the remainder when 11 is divided by (8/z)/(2/6)?
3
Let y(g) = -g - 2. What is the remainder when 1/((-1)/(-2)) - -48 is divided by y(-15)?
11
Let c be ((5 - 1) + -7)*-27. What is the remainder when -1 + (c/3)/3 is divided by 3?
2
Let u = 210 - 207. Calculate the remainder when 3*((-16)/(-3))/2 is divided by u.
2
Let o = -42 - -91. Calculate the remainder when o is divided by 13.
10
Suppose 5*z - 58 - 882 = 0. Let f = z - 132. Calculate the remainder when f is divided by 19.
18
Let o = 5 + 10. Calculate the remainder when 214/5 + (-1)/(-5) is divided by o.
13
Suppose 3*w - 69 = -3*z, -5*w + 3*z = 16 - 107. Calculate the remainder when 78 is divided by w.
18
Let m = -28 - -40. Suppose 4*y = -4*l + 9*y + 198, 2*l - 5*y - 104 = 0. What is the remainder when l is divided by m?
11
Let y be (2/6)/(2/(-6)). Let d(u) = 40*u**2. Suppose -3*v = -48 - 15. What is the remainder when d(y) is divided by v?
19
Suppose -y - 1 + 12 = 0. What is the remainder when 21 is divided by y?
10
Let c = -2 + -1. Let d = -55 + 82. What is the remainder when d is divided by 15 + c/(-6)*-2?
13
Let g = -27 + 43. Calculate the remainder when 46 is divided by g.
14
Let u(y) = 3*y**3 + y**2 + 3*y - 2. Let b(r) = -r**3 - 3*r**2 + 3*r. Let d be b(-5). Calculate the remainder when u(2) is divided by 7/d - (-54)/5.
10
Suppose -5*g + 10 + 20 = 0. What is the remainder when 51 is divided by g?
3
Let j = 120 + -115. Calculate the remainder when 33 is divided by j.
3
Suppose -2*d = -4*d + 36. What is the remainder when d is divided by (-356)/(-36) - 2/(-18)?
8
Let x(l) = 16*l**3 + 1 - 2 - 4*l**3. Calculate the remainder when 43 is divided by x(1).
10
Calculate the remainder when 66 is divided by 17 + (3 - 3)/4.
15
Let r = 33 + -28. Calculate the remainder when 4*(-1 + 6/2) is divided by r.
3
Suppose 3 = 5*g - 82. What is the remainder when g is divided by 10?
7
Let j = -13 - -25. What is the remainder when 21 is divided by j?
9
Let u(m) = 4*m - 10. Let r be u(3). Suppose -r*h = -12 - 38. Calculate the remainder when h is divided by 13.
12
Calculate the remainder when 15 is divided by 3 + (9 - (1 - -3)).
7
Suppose -1 = 2*a + x, -5*a + 5*x - 24 - 16 = 0. Let t = a + 5. Calculate the remainder when t is divided by 2.
0
Let s = 133 - 121. Calculate the remainder when 34 is divided by s.
10
Let z = 15 - -15. Let r = -13 + 24. Calculate the remainder when z is divided by r.
8
Suppose 0 = -t + 2 + 19. What is the remainder when 81 is divided by t?
18
Let z = 35 + -25. Let a(t) = 18*t - 4. Let k be a(3). Suppose -4*q + 2 = -2*f + k, 4*f + 4*q = 60. What is the remainder when f is divided by z?
8
Let l(g) = g**2 - 10*g + 24. What is the remainder when 4 is divided by l(7)?
1
Let l be 12/(-18)*(-3)/2. Suppose -3*b - l = 2. What is the remainder when 16 is divided by 3 - (b + -4 - 1)?
7
Let a = 2 - 8. Suppose 2*s - 7 = -5*l, -s + 4*s - 3*l + 21 = 0. Calculate the remainder when (s/a)/(4/426) is divided by 24.
23
Let g = 161 - 72. What is the remainder when g is divided by 46?
43
Let n(l) = -l**2 + 12*l + 2. Let k be n(6). Suppose -3*t + 4*t = 4*f, -3*f + k = 4*t. Calculate the remainder when 30 is divided by t.
6
Let t(w) = w**2 - 17*w - 11. Calculate the remainder when 53 is divided by t(19).
26
Suppose -2 = 2*g, 0 = 3*x - 3*g - 2 - 1. Suppose x = -5*f + 69 + 36. Calculate the remainder when f is divided by 11.
10
Suppose -11 = -8*y + 7*y. What is the remainder when 41 is divided by y?
8
Calculate the remainder when 122 is divided by 2592/84 - (-2)/14.
29
Suppose 67 = -4*n + w, 2*n + 3*w = -2*n - 55. Let t = 34 + n. Suppose 2*r + 3*a - 59 = 0, 0*r = 3*r - 3*a - 111. What is the remainder when r is divided by t?
16
Let h(c) = -c**2 + 10*c - 2. Let n = -4 + 7. Suppose -5*i = n*g - 56, -24 = -3*g - 2*i + 20. Calculate the remainder when h(4) is divided by g.
10
Suppose -4*u - 2*r = 26, -5*r + 18 = u + 2. Let h = u - -7. Calculate the remainder when 4 is divided by 2/(3/(-9)*h).
1
Let t = 17 + -9. Suppose 6 = 2*r - 6. Let q(l) = l - 3. Calculate the remainder when t is divided by q(r).
2
What is the remainder when 8 is divided by ((-6)/(-4))/(-1)*-2?
2
Suppose -11 - 9 = 5*j. Let k be (6/j)/(9/(-12)). Suppose -4*q + 5*h + 105 = 0, k*q = 4*h + 91 - 31. What is the remainder when q is divided by 11?
9
Suppose -2*q - 17 = 4*s - 105, 5*s - 176 = -4*q. Suppose -3*i + 14 = -31. Calculate the remainder when q is divided by i.
14
Let h(g) = g - 2. Let t be h(2). Let p be (-12)/(-9)*(-6)/4. Let w = t - p. What is the remainder when 3 is divided by w?
1
Let b = -4 + 0. What is the remainder when 14 is divided by b/18 - 47/(-9)?
4
Let h = -8 + 7. Let x be 42 + h - (0 + -2). Suppose -a + 42 = 4*p + p, -x = -a - 4*p. What is the remainder when a is divided by 12?
11
Suppose -5*y + 387 = -2*y. What is the remainder when y is divided by 10?
9
Suppose -5*g + 65 = -4*i, 2*g - 5*i - 60 = -3*g. Let o = -45 + 94. Calculate the remainder when o is divided by g.
15
Suppose -11 - 26 = -h. Calculate the remainder when 146 is divided by h.
35
Suppose 0 = 3*g + 4*u - 39, -1 = 5*u - 16. Suppose -l + 36 + g = 0. Suppose 2*m - 7*m = -l. Calculate the remainder when 17 is divided by m.
8
Let t(v) = 2*v**2 - 2*v + 3. Let c = 4 + -1. Let i be t(c). Suppose o + i = 4*o. Calculate the remainder when 9 is divided by o.
4
Let q(o) = o**3 - 5*o**2 + o + 7. What is the remainder when 1*(-2)/6*1287/(-13) is divided by q(5)?
9
Suppose -2 + 16 = 2*c. Calculate the remainder when 26 is divided by c.
5
What is the remainder when 21 is divided by 2/(8/(-44))*-1?
10
Let x(l) = -l**3 + 6*l**2 - 3*l - 4. Suppose 4*h - 4*d + 4 = 0, -4*h + 0 = d + 19. Calculate the remainder when 11 - 2*(-2)/h is divided by x(5).
4
What is the remainder when 19 is divided by (-6 - -3)*-1 - -7?
9
Let k = 3 + -11. Let c(d) = -d**3 - 9*d**2 - 8*d + 7. Suppose -3*a = -24 - 36. Calculate the remainder when a is divided by c(k).
6
Let y = 0 - -19. Calculate the remainder when y is divided by 7.
5
Let c(v) = v**3 - 4*v**2 + 2*v. Suppose -5*f + 2 = -18. Suppose b + f*b + 5*w - 40 = 0, -34 = -5*b - 3*w. What is the remainder when c(4) is divided by b?
3
Suppose 15*z = 18*z - 27. What is the remainder when 35 is divided by z?
8
Suppose 6 = -4*y + 10. Let z(c) = 3*c**3 - 2*c + 1. What is the remainder when 7 is divided by z(y)?
1
Let m = -4 - -12. Suppose -12 = -m*w + 4*w. Calculate the remainder when 7 is divided by w.
1
Let j = 4 - 2. Suppose 3*x + 44 = j. Calculate the remainder when 46 is divided by (-172)/x - 6/21.
10
Let g = -87 - -110. What is the remainder when g is divided by 15?
8
Suppose -28*z = -26*z - 50. Calculate the remainder when 45 is divided by z.
20
Let p = 110 - 75. Let s = 15 + -6. Calculate the remainder when p is divided by s.
8
Suppose -8*v = -3*v - 140. What is the remainder when 52 is divided by v?
24
Let z(s) = -9*s + 13. Let x(w) = -3*w + 4. Let h(f) = 7*x(f) - 2*z(f). Wha